e number?
False
Is 15442342031 a composite number?
True
Is 545763191 a prime number?
True
Is 425572627 a composite number?
False
Is 250230467 a prime number?
True
Is 26242243837 a prime number?
False
Is 2334422221 prime?
True
Is 2014436737 a prime number?
False
Is 28413825287 a composite number?
False
Is 5087798561 prime?
True
Is 64954493557 composite?
False
Is 1205769139 a composite number?
True
Is 36145699817 prime?
True
Is 1055663141 a composite number?
True
Is 2899222981 prime?
False
Is 55170970061 a composite number?
False
Is 17948123213 composite?
True
Is 755385037 a composite number?
True
Is 1779277811 composite?
False
Is 1891252327 prime?
True
Is 13029992029 prime?
False
Is 13225743887 a composite number?
True
Is 10353645481 composite?
False
Is 19267717951 prime?
True
Is 2600185153 prime?
False
Is 2255455289 a composite number?
False
Is 5310416437 prime?
True
Is 45860370113 composite?
True
Is 3932560823 a composite number?
True
Is 4995168947 a prime number?
False
Is 2591711 prime?
True
Is 15647754127 composite?
True
Is 457571515 composite?
True
Is 1642675313 prime?
True
Is 5654003018 prime?
False
Is 140409578989 a composite number?
False
Is 27166747193 composite?
True
Is 11847589167 a composite number?
True
Is 24487752433 prime?
False
Is 171327353 a prime number?
False
Is 3190745957 a prime number?
False
Is 11744823 a composite number?
True
Is 518393383 prime?
True
Is 580956461 composite?
True
Is 2130913711 a composite number?
False
Is 639738157 a composite number?
True
Is 11305481911 a composite number?
True
Is 58061174551 a prime number?
True
Is 8061265141 prime?
False
Is 70849679 a composite number?
False
Is 13869315841 a composite number?
False
Is 16061312401 prime?
True
Is 108608052923 a composite number?
True
Is 10879265291 a prime number?
False
Is 3430428395 composite?
True
Is 173496667 a prime number?
True
Is 2813419006 a composite number?
True
Is 29480242933 a prime number?
False
Is 2943745267 composite?
False
Is 3737120939 a composite number?
True
Is 879882859 composite?
True
Is 332286509 composite?
True
Is 147234326279 a prime number?
True
Is 2366228819 a composite number?
True
Is 18957147679 a composite number?
True
Is 6150896111 a prime number?
False
Is 350843317 a composite number?
True
Is 39219438217 a prime number?
True
Is 9417469786 composite?
True
Is 198472553 prime?
True
Is 10235587 a prime number?
False
Is 18780109259 composite?
False
Is 182922441563 a prime number?
False
Is 80186015953 a prime number?
True
Is 3250387831 composite?
True
Is 29638298099 prime?
True
Is 80527451 a prime number?
False
Is 249657803 composite?
False
Is 941954897 prime?
False
Is 2404426733 a prime number?
True
Is 47981130623 a prime number?
False
Is 3605731853 prime?
False
Is 8527111709 prime?
False
Is 99938392987 prime?
False
Is 255192283231 prime?
False
Is 194738387 composite?
False
Is 211290451247 composite?
False
Is 34742352559 a prime number?
True
Is 21917797771 a prime number?
False
Is 1233068611 prime?
True
Is 199332373 a prime number?
True
Is 8142695237 composite?
False
Is 17508537979 prime?
False
Is 19108989457 composite?
False
Is 33798945707 prime?
True
Is 2865978446 composite?
True
Is 22981769 a prime number?
True
Is 2128263091 composite?
False
Is 165598637 composite?
False
Is 19477294973 a prime number?
True
Is 436003247 composite?
False
Is 2053875359 a prime number?
True
Is 183997357 prime?
True
Is 685682741 a composite number?
False
Is 23014392603 a prime number?
False
Is 4102369 prime?
False
Is 17452383721 prime?
True
Is 1012603369 a prime number?
True
Is 1588094965 a composite number?
True
Is 1306681885 a prime number?
False
Is 124687351 prime?
True
Is 39383434279 a composite number?
True
Is 3598859201 a prime number?
False
Is 1494141539 a prime number?
False
Is 154914675119 composite?
False
Is 20848414963 a prime number?
False
Is 48192954091 a composite number?
False
Is 834217093 a composite number?
True
Is 35140808471 a composite number?
True
Is 3512867227 a composite number?
False
Is 1377960791 prime?
False
Is 5241541727 prime?
True
Is 6018736601 prime?
True
Is 175388005121 composite?
True
Is 320756354 a composite number?
True
Is 7714972513 composite?
True
Is 444556912739 a prime number?
False
Is 29458370203 a prime number?
False
Is 5819951713 a prime number?
True
Is 630460139 a composite number?
False
Is 99577661 prime?
True
Is 3829927159 a prime number?
True
Is 45670077679 a prime number?
True
Is 671018099 a prime number?
True
Is 19762468111 a composite number?
False
Is 37299305629 prime?
True
Is 3610235029 a prime number?
True
Is 1810315219 a prime number?
False
Is 6559607479 a prime number?
True
Is 7440369061 prime?
False
Is 260036279 composite?
False
Is 39250581347 composite?
False
Is 933358343 prime?
True
Is 1527807251 a composite number?
False
Is 8968133557 prime?
True
Is 1074682321 prime?
True
Is 39091295891 a composite number?
False
Is 6545181649 prime?
False
Is 344915107 composite?
True
Is 26436433 prime?
True
Is 36933718223 a composite number?
True
Is 249533057 a composite number?
True
Is 2148115897 a prime number?
True
Is 12146469809 prime?
False
Is 1580583197 composite?
False
Is 1511928861 composite?
True
Is 2620338177 composite?
True
Is 36631539983 a prime number?
True
Is 26013248993 prime?
False
Is 598364203 a composite number?
True
Is 472888519 composite?
True
Is 21424238543 a prime number?
True
Is 1628181367 a composite number?
False
Is 354495919 prime?
True
Is 3669009569 composite?
False
Is 5332602629 a prime number?
True
Is 69501691 a composite number?
True
Is 1762385153 a composite number?
False
Is 84131389 composite?
False
Is 16756742011 a prime number?
False
Is 2081766143 a composite number?
False
Is 26185363553 prime?
False
Is 37408756543 a prime number?
True
Is 1959651283 a composite number?
True
Is 119608839563 a composite number?
False
Is 71767867679 a composite number?
True
Is 72075503849 prime?
False
Is 11259947653 a composite number?
True
Is 14562363037 a prime number?
False
Is 441915689 a composite number?
False
Is 236401426 prime?
False
Is 5740516697 prime?
True
Is 7202805047 a prime number?
False
Is 1148096149 a prime number?
True
Is 4918071103 a composite number?
True
Is 4591298139 a prime number?
False
Is 37649437793 a prime number?
False
Is 249542412653 composite?
False
Is 1642795229 composite?
False
Is 42505439 prime?
False
Is 1174776401 prime?
False
Is 1018888681 a composite number?
False
Is 1763890511 a composite number?
False
Is 13654003861 prime?
True
Is 6495223307 a prime number?
False
Is 4613098957 prime?
False
Is 614905609 prime?
True
Is 72855943 prime?
True
Is 15392572981 a prime number?
False
Is 694322171 a prime number?
False
Is 458904209 prime?
True
Is 80635088971 a composite number?
True
Is 101513143081 prime?
False
Is 112391642327 prime?
True
Is 206757469 a prime number?
True
Is 17235497651 a prime number?
False
Is 12179678807 composite?
False
Is 821424497 composite?
False
Is 5713272017 prime?
False
Is 1774792583 prime?
False
Is 31231037623 a prime number?
False
Is 2098205381 composite?
True
Is 23631167201 a prime number?
True
Is 150210908959 a composite number?
False
Is 159700591 prime?
True
Is 305309663 prime?
False
Is 60384370841 prime?
False
Is 10235979977 prime?
True
Is 79020083881 composite?
True
Is 651963049 a composite number?
True
Is 12790199809 prime?
False
Is 883511791 composite?
False
Is 7583784713 prime?
False
Is 7488063409 prime?
True
Is 2826087559 prime?
True
Is 1958113643 a composite number?
False
Is 51635847707 composite?
False
Is 401586181 prime?
True
Is 1752673969 a composite number?
False
Is 11162528497 composite?
False
Is 1370406449 a composite number?
False
Is 607068541 a prime number?
False
Is 114217081477 a composite number?
False
Is 71523199469 a composite number?
False
Is 31043817917 a prime number?
False
Is 6066661037 composite?
False
Is 159628171 a prime number?
False
Is 11627073149 prime?
False
Is 505489403 prime?
False
Is 674041465531 prime?
False
Is 775541191 composite?
True
Is 1205375321 a composite number?
True
Is 3648443767 a prime number?
False
Is 2887136323 composite?
True
Is 234489677 a composite number?
False
Is 581310311 a composite number?
False
Is 866222249 a composite number?
True
Is 89317107557 a prime number?
True
Is 37195207